= z. What are the prime factors of f?
11
Suppose 3*g = 3*b - g - 11, 0 = -5*b + 3*g + 11. Let h = 6 - b. Suppose h*r - 8 = 2. List the prime factors of r.
2
Let o = 5 - 0. Let m be (4 - o)/(2/(-26)). Suppose -5*q + 2 = -m. List the prime factors of q.
3
Let u be (3/3)/(-1) - -6. Suppose u*m = 65 + 110. What are the prime factors of m?
5, 7
Suppose -24 + 169 = 5*v. Suppose -23 = -u + v. Suppose 0 = c + 3*c - u. List the prime factors of c.
13
Suppose 64 - 13 = 3*h. Suppose h = -s + v + 46, 0 = 5*v. What are the prime factors of s?
29
Let p be (-26)/(-6) - 9/27. Suppose 8 = -p*m + 2*h + 30, -m + 2*h - 2 = 0. Suppose l = -l + m. What are the prime factors of l?
2
Let w be -3 - (2 + 2 + 18). What are the prime factors of (-65)/w - (-2)/5?
3
List the prime factors of ((-9)/(-12))/(-1*(-2)/72).
3
Let y(a) = 10*a**2 - 3 + 19*a**3 - 9*a + 13 - 20*a**3. List the prime factors of y(9).
2, 5
Suppose 0 = -2*a + 2*q + 2 + 18, 0 = a - 5*q - 26. What are the prime factors of 4/8*a + 5?
2
Let a(o) = o**3 + 1. Let g be a(2). Suppose 0 = 5*y + 5*t - 10, 5*y - 2*t - 1 = g. Suppose y*c - 2 - 4 = 0. What are the prime factors of c?
3
Let r(l) be the first derivative of 2*l**3/3 - 3*l**2/2 - l + 3. List the prime factors of r(3).
2
Let v be 3/(-12) + 7/(-4). Let m be (v + (-5)/(-2))*44. Let o = m - 11. List the prime factors of o.
11
Let z be 1*2 - 0/5. Let r(p) = -p + 0*p**z - p**2 + 6*p. What are the prime factors of r(4)?
2
Let g = 148 - 100. List the prime factors of g.
2, 3
Let p be -3 - (-1 - 8)/1. What are the prime factors of (-4)/p*(1 - 16)?
2, 5
Suppose -d = -4*q - 18, -2*q = -4*d - 4*q + 36. Suppose -2*u = -4*u + d. What are the prime factors of u?
5
Let x = -9 + 48. What are the prime factors of x?
3, 13
Let y(n) = 2*n**2 - 6*n - 7. Let g(u) = u**3 + 5*u**2 - 2*u - 5. Suppose 35 = 3*d - 5*d - 5*q, 4*q + 20 = 0. Let l be g(d). What are the prime factors of y(l)?
13
Let o = 14 + -21. Let g = -4 - o. What are the prime factors of g?
3
Suppose 0 = f + f + 12. Let a = -5 - -5. What are the prime factors of -1 + 0 + (a - f)?
5
What are the prime factors of (-2)/8 - ((-435)/12)/5?
7
Let f(w) = -5*w + 2. Let r be f(-5). Suppose 0*b = -4*b - 68. Let m = r + b. What are the prime factors of m?
2, 5
Let o(w) = -w + 2. Suppose 0*m - 2 = 2*s + m, -5*s - 4*m - 8 = 0. List the prime factors of o(s).
2
Suppose -a + 149 + 84 = -n, 3*a = -4*n + 678. What are the prime factors of a?
2, 5, 23
Suppose 4*d - 4*t - 729 = d, 2*d + 2*t - 500 = 0. What are the prime factors of d?
13, 19
Suppose x + 4 = 0, 0*t - 5*x + 128 = 4*t. List the prime factors of t.
37
Let b(i) = i**2 - 10*i + 16. List the prime factors of b(12).
2, 5
Suppose 0*w = 3*w - 3. List the prime factors of w - (0 + 2 - 3).
2
Let n be 0 - (-4 - -1) - -42. Suppose -n = -2*z - z. What are the prime factors of z?
3, 5
Let b be -11 + 0 + 1 + 0. Let u(o) = -o**2 - 8*o + 10. Let l be u(b). Let y(t) = -t**2 - 12*t - 4. What are the prime factors of y(l)?
2
Let w(c) = 23*c - 18. List the prime factors of w(9).
3, 7
Let o be ((-18)/(-15))/(2/5). Suppose 5*l = 3*t - 34, o*l = 5*t - 16 - 46. Suppose -f - 4*k - t = 0, 4*f + 2*k + 11 = 5*f. List the prime factors of f.
3
Let i = 66 + -39. Let v = i + -2. What are the prime factors of v?
5
Let i = 3 - -5. What are the prime factors of (-4)/i*(-34 - 0)?
17
Let j be (-2)/(-4)*(11 + 1). Let t = j - -2. Let p(m) = -m**3 + 9*m**2 - 7*m + 8. What are the prime factors of p(t)?
2
Let w = 18 - 11. Let h = 12 - w. List the prime factors of h.
5
Suppose -2*w - 35 = 45. Let o = w + 60. List the prime factors of o.
2, 5
Let h(v) = -v. Let p(i) = i**2 - 5*i + 1. Let f(u) = 2*h(u) - p(u). Let c be f(1). Let j = c - -13. List the prime factors of j.
2, 7
Suppose x - 7 = -3*p + 2*p, -p - 1 = -3*x. Suppose 0 = 5*q, -2*c = -7*c - p*q - 145. Let i = c - -40. List the prime factors of i.
11
Suppose -4*n = -4*y, -10 = -3*n - 3*y + 2. Let p = n - 3. Let l(i) = -11*i**3 + i**2 - i - 1. List the prime factors of l(p).
2, 3
Suppose 0 = -5*p - 3*c + 110, 5*p - 110 = c + 2*c. What are the prime factors of p?
2, 11
Suppose 5*r + 3*l = -16 + 49, l = 3*r - 17. List the prime factors of r.
2, 3
Suppose -3*r - 5 = -29. Let u = -3 + r. Let z = u - 3. What are the prime factors of z?
2
Let f be -3 + 1*(8 - 2). Suppose 2*b - f = 3. What are the prime factors of b?
3
Let a = -594 - -837. What are the prime factors of a?
3
Suppose -6*z + 5 = -z. List the prime factors of 17*3*z/3.
17
Let c(p) = -p**2 + 1. Let o be c(-1). List the prime factors of o - 1 - 56/(-4).
13
Let v = -12 + 19. What are the prime factors of 0 + v + 1 + -1?
7
Let f(y) = y**2 - 8. Let r = 14 + -20. List the prime factors of f(r).
2, 7
Let n be 2/6 + 292/6. Suppose -4*b + o = b - n, 16 = 4*b + 5*o. Let i = b - 7. What are the prime factors of i?
2
Let f be 2/8 - (-1)/(-4). Suppose -25 = -f*k - 5*k. Suppose 2*s - 13 - k = 4*i, 4*s + 5*i - 36 = 0. List the prime factors of s.
3
Let s(i) = -i**3 + 8 + 9*i - 2*i + 5*i**2 - 2*i. List the prime factors of s(6).
2
Let c = 1 + 3. Suppose -m + 13 = -c*p, -m + 55 = 2*m + 4*p. Suppose -7 - m = -4*f. What are the prime factors of f?
2, 3
Let g = -28 + 43. Suppose -3*a = -4*p - 53, 69 - g = 4*a + 3*p. What are the prime factors of a?
3, 5
Let p(w) = 12 + 3 - 4 + w. Suppose c - 2*n = -6*n - 24, -3*n - 4 = -c. What are the prime factors of p(c)?
3
Let a = 3 - 0. Let y be -2 + a/3 + 1. Suppose -4*z = -y*z - 28. List the prime factors of z.
7
Let a(h) = h**2 - 1. Let p be a(3). Suppose p = 2*l + 2*l. Suppose -l*y + 40 = 3*j, -32 = -4*y + 2*y + j. List the prime factors of y.
17
Suppose 5 = 5*m - 5. Suppose 0 = -2*y + 10, -m*t + 3*y = -2*y - 41. What are the prime factors of t?
3, 11
Suppose 2*j - j - 2*b + 10 = 0, -5*j = 3*b + 11. Let i be 3 + j + (-2 - 0). What are the prime factors of 3/(-9) + (-43)/i?
2, 7
Let j be (1/2)/((-3)/(-30)). Let f(h) = 3*h - 3. Let a be f(j). Suppose -9*q = -5*q - a. What are the prime factors of q?
3
Let c(u) = -u**3 + 13*u**2 - 12*u + 9. Let o be c(12). List the prime factors of (-3)/o + (-88)/(-3).
29
Let h(t) = t**3 + 18*t**2 - 27*t - 28. What are the prime factors of h(-19)?
2, 31
Let k = 119 - 99. What are the prime factors of k?
2, 5
Let u = 242 + -128. List the prime factors of u.
2, 3, 19
Let f(k) = k**3 - 5*k**2 + 3. Let c be f(5). Suppose c*p = 6*p - 132. Suppose 0 = -v + 5*v - p. List the prime factors of v.
11
Let l be (6/4)/((-3)/16). Let r be 38/l - (-2)/(-8). Let h(v) = -2*v - 2. What are the prime factors of h(r)?
2
Let v(a) = 3*a + 1. Let r be v(1). Suppose 0*i = -r*i. Suppose i = 2*j - 2 - 6. List the prime factors of j.
2
Let z(b) = 4*b**3 - 4*b**2 + b + 3. Let o be z(3). Suppose o + 3 = 3*t. What are the prime factors of t?
3
Let h(q) = q**3 + 7*q**2 + 2*q - 2. Let d be h(-4). Suppose 4*w - s - 21 = d, 5*w = s + 73. What are the prime factors of w?
2, 7
Let y(v) = 3*v**2 - 5*v + 1. List the prime factors of y(3).
13
Let o(g) = g**2 + 15*g + 19. Let p be o(-14). Suppose -3*i + 5*k + 8 = 0, k + 8 = p*k. List the prime factors of i.
2, 3
Let c(l) = 8*l + 22. What are the prime factors of c(10)?
2, 3, 17
Suppose 5*l - 1 = 19. Let k be 414/12*l/6. Suppose 5*p - k = 22. What are the prime factors of p?
3
Let l = 860 - 613. What are the prime factors of l?
13, 19
Let o(s) = 12*s**3 + s**2 - s. Let n be (-3)/(-2) + 1/(-2). List the prime factors of o(n).
2, 3
Let f be (2 + (-1)/(-2))*2. Suppose -31 + 10 = -f*m - 4*j, -5*j = -3*m + 20. What are the prime factors of m?
5
Suppose 38 = 3*l - 28. List the prime factors of l.
2, 11
What are the prime factors of 64 + (1 - 3 - -6)?
2, 17
Let g be (-8)/6*(1 - 7). Suppose 11 = z - g. What are the prime factors of z?
19
Let q be (-25)/(2*1/(-10)). Let l = q - 85. List the prime factors of l.
2, 5
Let r be 24/(-11) - 4/(-22). Let d(u) be the third derivative of -3*u**4/8 - u**3/3 - 5*u**2. List the prime factors of d(r).
2
Let l(s) = 10*s - 13. What are the prime factors of l(7)?
3, 19
Let t = -7 + 16. Suppose 3 = 3*j + t. List the prime factors of (-33)/(-6) + (-1)/j.
2, 3
Let f(l) = -7 + l**2 - l**2 - 9*l - 9 + l**2. List the prime factors of f(11).
2, 3
Suppose 0 = r + h - 92, 4*h = -2*r - 0*h + 182. List the prime factors of r.
3, 31
Let h(m) = -20*m + 11. List the prime factors of h(-5).
3, 37
Let y = -18 - -32. Let c b